11
Convert 2341 (base 8) to base 6.
5441
Convert 100542 (base 6) to base 13.
3830
Convert 1dc (base 16) to base 14.
260
-811 (base 15) to base 6
-12224
What is 155 (base 16) in base 3?
110122
What is -38180 (base 9) in base 15?
-7913
b979 (base 13) to base 11
18414
-421a (base 11) to base 16
-15d3
Convert 2010 (base 5) to base 11.
212
Convert -422 (base 10) to base 7.
-1142
What is 2313 (base 7) in base 2?
1101001011
-18b9 (base 12) to base 3
-11010220
-152340 (base 6) to base 10
-14820
-2036 (base 9) to base 8
-2723
Convert -107 (base 16) to base 13.
-173
Convert 470a (base 14) to base 11.
9315
What is 1075 (base 8) in base 3?
210020
223122 (base 7) to base 4
21221112
What is 406 (base 14) in base 7?
2206
What is -813 (base 13) in base 8?
-2530
What is -291 (base 14) in base 7?
-1341
Convert 66 (base 12) to base 2.
1001110
What is -131114 (base 5) in base 10?
-5159
Convert 4a1b (base 12) to base 5.
232000
What is 25e (base 16) in base 9?
743
What is 317 (base 8) in base 5?
1312
21211 (base 3) to base 6
551
-1173 (base 11) to base 4
-113330
-1312 (base 12) to base 15
-99e
What is 778 (base 13) in base 7?
3511
2c5c (base 14) to base 10
7922
-1bab (base 13) to base 10
-4197
-20 (base 12) to base 11
-22
-707 (base 8) to base 14
-247
Convert 20103 (base 4) to base 12.
383
What is 1155402 (base 6) in base 5?
3442023
What is 11336 (base 9) in base 3?
101101020
What is -1000101010 (base 2) in base 11?
-464
What is -30662 (base 11) in base 2?
-1010111010101101
What is -18748 (base 13) in base 4?
-23210110
30f (base 16) to base 7
2166
Convert -101101010100 (base 2) to base 12.
-1818
What is -1b60 (base 12) in base 15?
-1009
What is 101010000101 (base 2) in base 12?
1685
11043 (base 15) to base 3
2202011100
What is 1150 (base 8) in base 9?
754
Convert 1 (base 6) to base 9.
1
Convert -606 (base 8) to base 13.
-240
What is -20123132 (base 4) in base 15?
-a36b
12211220 (base 4) to base 6
324532
-31011 (base 4) to base 15
-3ac
What is -110001000 (base 2) in base 8?
-610
113 (base 14) to base 11
184
Convert -1824a (base 14) to base 4.
-32312122
What is 1102100 (base 3) in base 8?
2013
Convert -122301 (base 5) to base 8.
-11135
Convert 5b49 (base 16) to base 8.
55511
597 (base 12) to base 14
439
-61c (base 15) to base 12
-969
Convert 32340 (base 6) to base 16.
1164
-2503 (base 7) to base 6
-4154
Convert -1205 (base 7) to base 11.
-376
Convert 12121012 (base 3) to base 5.
112312
11110020 (base 3) to base 4
302232
Convert -10b1e (base 15) to base 13.
-1b24b
Convert 23c (base 14) to base 11.
376
-2e1a (base 16) to base 14
-4430
What is -544 (base 6) in base 4?
-3100
What is -1862 (base 12) in base 13?
-1463
Convert 50 (base 7) to base 8.
43
Convert 20362 (base 8) to base 2.
10000011110010
Convert -861 (base 9) to base 10.
-703
201210 (base 4) to base 10
2148
-4a5 (base 11) to base 15
-29e
Convert 5b8 (base 13) to base 12.
6b0
-86d (base 16) to base 4
-201231
Convert 1000100001110 (base 2) to base 4.
1010032
Convert 23341 (base 5) to base 11.
1325
-518 (base 13) to base 11
-718
Convert -1711 (base 11) to base 10.
-2190
164444 (base 7) to base 5
2022223
-22ce (base 16) to base 15
-2990
2dc (base 15) to base 14
34d
Convert -223021 (base 7) to base 16.
-9a24
21236 (base 7) to base 16
1496
Convert 1132 (base 11) to base 7.
4223
695 (base 12) to base 8
1721
213bb (base 12) to base 15
ce85
2955 (base 11) to base 4
323203
Convert 8862 (base 13) to base 6.
224000
-10000101011100 (base 2) to base 9
-12638
What is 1010 (base 10) in base 8?
1762
What is -1488 (base 10) in base 4?
-113100
3053 (base 14) to base 5
231210
What is -1b (base 15) in base 3?
-222
102311 (base 4) to base 6
5325
What is 78 (base 12) in base 15?
62
31176 (base 9) to base 14
76ca
-16 (base 14) to base 7
-26
Convert 1100010101 (base 2) to base 11.
658
Convert -1021011211 (base 3) to base 14.
-911a
143431 (base 5) to base 10
6116
Convert 945 (base 12) to base 10.
1349
What is 19a1 (base 11) in base 3?
10110202
What is 50749 (base 11) in base 5?
4332410
What is -131322 (base 4) in base 14?
-9aa
What is -4314 (base 11) in base 10?
-5702
108 (base 16) to base 10
264
Convert 2011222 (base 4) to base 8.
20552
What is -25622 (base 8) in base 7?
-44343
What is -1021 (base 4) in base 2?
-1001001
Convert -372 (base 12) to base 10.
-518
Convert -b4d (base 15) to base 13.
-1210
153 (base 10) to base 7
306
What is 3846 (base 11) in base 10?
5011
What is -13023 (base 4) in base 16?
-1cb
Convert 3241322 (base 5) to base 13.
1c552
Convert 18424 (base 15) to base 9.
128677
-2320 (base 10) to base 6
-14424
-210102120 (base 3) to base 16
-3d05
Convert -21121 (base 11) to base 13.
-10ccc
-b6a5 (base 13) to base 3
-1021201122
Convert -2102 (base 4) to base 8.
-222
-d8c3 (base 15) to base 6
-552150
2202022 (base 4) to base 16
288a
What is 771 (base 14) in base 4?
112333
What is c (base 14) in base 7?
15
What is 1115 (base 7) in base 10?
404
Convert 561 (base 11) to base 2.
1010100000
Convert -101 (base 6) to base 11.
-34
What is -1344403 (base 5) in base 4?
-12313013
What is 2632 (base 9) in base 12?
1185
4132 (base 5) to base 6
2302
What is -187 (base 16) in base 7?
-1066
Convert 3532 (base 6) to base 2.
1101010000
-9973 (base 12) to base 5
-1020220
-5886 (base 10) to base 13
-28aa
7771 (base 16) to base 6
353321
Convert -42021 (base 6) to base 13.
-2740
What is -2d7 (base 16) in base 5?
-10402
Convert -1315 (base 7) to base 16.
-1f6
What is 1101110011111111 (base 2) in base 16?
dcff
What is 5a46 (base 11) in base 16?
1eeb
157 (base 10) to base 3
12211
15260 (base 8) to base 2
1101010110000
What is -4a82 (base 13) in base 7?
-42600
What is 10322113 (base 4) in base 10?
20119
-b381 (base 16) to base 7
-250655
12374 (base 8) to base 11
4044
-16152 (base 8) to base 11
-5513
What is -12aa (base 14) in base 9?
-4451
Convert -1436 (base 10) to base 9.
-1865
25c (base 15) to base 14
2a5
-13316 (base 8) to base 4
-1123032
-211212 (base 4) to base 7
-10005
Convert 280 (base 15) to base 8.
1072
What is 4a8 (base 12) in base 8?
1300
What is 33065 (base 8) in base 2?
11011000110101
-291 (base 13) to base 7
-1221
What is -1217 (base 8) in base 4?
-22033
Convert -21310 (base 4) to base 8.
-1164
What is -62f4 (base 16) in base 12?
-127b0
-272 (base 13) to base 4
-12233
1247 (base 10) to base 9
1635
ba2 (base 15) to base 5
41002
Convert 406 (base 7) to base 8.
312
Convert 235 (base 9) to base 4.
3002
Convert -100110100110011 (base 2) to base 7.
-111422
What is 6099 (base 10) in base 15?
1c19
-1044 (base 6) to base 13
-15a
Convert -1001010110 (base 2) to base 5.
-4343
Convert 161551 (base 7) to base 11.
21a13
324120 (base 5) to base 8
25630
What is 4802 (base 9) in base 11?
2752
What is -6a (base 13) in base 11?
-80
What is -4275 (base 10) in base 12?
-2583
Convert -10110111100100 (base 2) to base 9.
-17103
-6d (base 16) to base 6
-301
1415 (base 14) to base 8
6733
20032 (base 4) to base 15
251
-2632 (base 7) to base 14
-519
What is -10010101011 (base 2) in base 8?
-2253
What is -897 (base 10) in base 2?
-1110000001
Convert -49 (base 16) to base 15.
-4d
Convert -20033 (base 5) to base 12.
-898
Convert 1202 (base 4) to base 5.
343
Convert -8297 (base 14) to base 6.
-252021
What is 6461 (base 9) in base 8?
11221
What is -85 (base 16) in base 12?
-b1
What is 34826 (base 12) in base 16?
1129e
41 (base 9) to base 11
34
Convert 1211531 (base 6) to base 3.
10020200101
Convert -1893 (base 13) to base 10.
-3669
Convert -28631 (base 10) to base 7.
-146321
What is 48 (base 16) in base 10?
72
52b2 (base 15) to base 13
7c67
13a (base 16) to base 6
1242
359 (base 13) to base 15
28b
1435c (base 15) to base 10
64887
What is 2457 (base 9) in base 12?
108a
What is -2398 (base 10) in base 8?
-4536
Convert 22222 (base 4) to base 7.
1663
-2122102 (base 4) to base 8
-23222
Convert 958 (base 10) to base 11.
7a1
What is -181 (base 10) in base 7?
-346
What is -d19 (base 16) in base 4?
-310121
What is 227 (base 16) in base 15?
26b
9d4 (base 15) to base 10
2224
Convert 3258 (base 13) to base 3.
100121100
6d50 (base 15) to base 8
55322
-414 (base 13) to base 9
-850
1011011111 (base 2) to base 10
735
-821 (base 12) to base 5
-14202
Convert 1222232 (base 4) to base 6.
51342
2516 (base 12) to base 14
1758
What is -a152 (base 13) in base 5?
-1202311
2331210 (base 4)